isor of 212 and 8321.
53
What is the highest common divisor of 16224 and 588?
12
Calculate the highest common divisor of 27 and 1956744.
27
Calculate the highest common divisor of 41178 and 12.
6
What is the greatest common divisor of 78 and 904683?
39
Calculate the highest common factor of 164797 and 2899.
223
Calculate the greatest common divisor of 251913 and 262.
131
Calculate the greatest common factor of 2871576 and 27.
9
What is the greatest common divisor of 157136 and 132?
4
What is the greatest common divisor of 476 and 27268?
68
Calculate the greatest common factor of 712810 and 2380.
1190
What is the highest common factor of 1827 and 63?
63
Calculate the highest common factor of 442479 and 711.
237
Calculate the highest common divisor of 2502 and 156236.
278
What is the greatest common divisor of 3618 and 42336?
54
Calculate the greatest common factor of 16933 and 861.
287
Calculate the highest common factor of 528 and 633768.
24
Calculate the highest common factor of 1390 and 1180.
10
Calculate the highest common factor of 65 and 47164.
13
What is the greatest common divisor of 165668 and 3984?
332
What is the highest common divisor of 500092 and 93?
31
Calculate the highest common factor of 3696 and 3934.
14
What is the greatest common factor of 13589 and 67517?
107
What is the highest common divisor of 8 and 1069568?
8
What is the greatest common factor of 382074 and 462?
462
Calculate the highest common factor of 58851 and 351.
117
What is the highest common factor of 121864 and 32?
8
What is the highest common divisor of 348114 and 2730?
78
Calculate the highest common factor of 36804 and 2076.
12
What is the highest common divisor of 125 and 11625?
125
What is the highest common divisor of 731265 and 75?
15
What is the greatest common divisor of 19364 and 412?
412
What is the greatest common factor of 69 and 3611?
23
What is the highest common divisor of 1834 and 10343760?
1834
Calculate the greatest common factor of 8910 and 4686.
66
What is the greatest common divisor of 101 and 19507039?
101
What is the greatest common divisor of 12 and 5610?
6
Calculate the highest common divisor of 140238 and 135.
27
What is the greatest common factor of 1980 and 328800?
60
What is the greatest common divisor of 148 and 201983?
37
Calculate the highest common factor of 151765 and 1270.
635
What is the highest common factor of 64 and 209680?
16
What is the greatest common divisor of 25 and 1025?
25
What is the highest common divisor of 27463 and 58?
29
Calculate the greatest common divisor of 226 and 99553.
113
Calculate the greatest common factor of 3000504 and 2832.
1416
What is the highest common divisor of 12090 and 885?
15
What is the highest common factor of 85424 and 608?
304
Calculate the greatest common factor of 1812 and 22197.
453
Calculate the highest common factor of 2700 and 8208.
108
Calculate the greatest common divisor of 5834421 and 9.
9
Calculate the highest common factor of 14826 and 420.
42
What is the highest common factor of 38280 and 4440?
120
What is the highest common divisor of 27028 and 1276?
116
What is the highest common divisor of 12488 and 700?
28
Calculate the greatest common factor of 2630 and 1713182.
526
Calculate the greatest common factor of 15455 and 440.
55
What is the greatest common factor of 7296 and 108984?
456
Calculate the greatest common factor of 422127 and 7209.
801
What is the greatest common divisor of 2 and 4196054?
2
Calculate the highest common factor of 100 and 1120450.
50
What is the greatest common factor of 38679 and 3?
3
Calculate the highest common factor of 175 and 267925.
175
What is the highest common divisor of 183276 and 864?
108
What is the greatest common divisor of 115038 and 462?
462
What is the greatest common factor of 807114 and 112?
14
Calculate the highest common divisor of 12446 and 1568.
98
What is the greatest common divisor of 530 and 6310?
10
Calculate the greatest common divisor of 49 and 23779.
7
Calculate the greatest common factor of 510 and 31569.
51
What is the greatest common factor of 298 and 1922?
2
What is the greatest common factor of 6672648 and 1824?
456
What is the greatest common factor of 485 and 515?
5
Calculate the greatest common factor of 221 and 5287.
17
Calculate the greatest common divisor of 68 and 4250.
34
Calculate the greatest common factor of 1336 and 14344.
8
Calculate the highest common divisor of 182490 and 1320.
330
Calculate the greatest common divisor of 611474 and 82.
82
What is the highest common factor of 1416 and 2301?
177
Calculate the greatest common divisor of 24 and 5861256.
24
What is the greatest common divisor of 462 and 34342?
154
Calculate the greatest common divisor of 31169 and 4828.
71
Calculate the highest common divisor of 213033 and 9.
3
What is the greatest common factor of 1904 and 306?
34
Calculate the highest common divisor of 29880 and 1656.
72
Calculate the greatest common factor of 416 and 202592.
416
What is the greatest common factor of 34869 and 944?
59
What is the greatest common divisor of 968 and 7216?
88
Calculate the greatest common factor of 12 and 9180.
12
Calculate the greatest common factor of 456 and 12027.
57
What is the highest common factor of 55 and 1595?
55
Calculate the highest common divisor of 50840 and 1230.
410
Calculate the highest common factor of 28462 and 228.
38
Calculate the highest common factor of 371 and 623651.
371
What is the greatest common factor of 39 and 759603?
39
What is the greatest common factor of 324 and 61128?
108
Calculate the greatest common factor of 27 and 2251503.
27
Calculate the greatest common divisor of 46 and 368069.
23
What is the greatest common factor of 418 and 170962?
418
Calculate the highest common factor of 43036 and 67396.
812
Calculate the greatest common factor of 1845 and 6075.
45
Calculate the highest common factor of 1012 and 3916.
44
Calculate the greatest common factor of 185232 and 6528.
816
Calculate the highest common factor of 165389 and 7.
7
What is the greatest common factor of 10681596 and 94?
94
What is the greatest common divisor of 380 and 4720?
20
Calculate the highest common divisor of 357771 and 9.
3
Calculate the highest common factor of 7345 and 313801.
113
What is the highest common factor of 69476 and 176?
44
What is the highest common divisor of 215423 and 7884?
73
Calculate the highest common divisor of 70 and 20195.
35
Calculate the highest common factor of 1248 and 4404.
12
Calculate the greatest common divisor of 53681 and 2.
1
What is the highest common divisor of 16 and 57456?
16
What is the highest common factor of 622987 and 1?
1
Calculate the highest common factor of 168 and 148524.
12
Calculate the greatest common factor of 69725 and 125.
25
Calculate the highest common divisor of 355 and 76183.
71
Calculate the highest common divisor of 870 and 27492.
174
Calculate the highest common factor of 8656 and 523147.
541
What is the greatest common divisor of 1671 and 219458?
557
Calculate the highest common divisor of 483 and 505839.
69
What is the greatest common divisor of 42 and 1724170?
14
What is the highest common factor of 64140 and 50?
10
Calculate the highest common divisor of 63 and 2016.
63
What is the highest common factor of 35 and 328425?
5
What is the greatest common divisor of 3295619 and 467?
467
What is the greatest common factor of 25 and 1583?
1
What is the greatest common divisor of 35427 and 28920?
723
What is the greatest common divisor of 62682 and 6014?
62
What is the highest common factor of 271 and 3323273?
271
Calculate the greatest common factor of 46726 and 2196.
122
What is the highest common divisor of 3690 and 7758225?
1845
What is the highest common factor of 6371404 and 52?
52
Calculate the greatest common divisor of 286 and 3227653.
143
Calculate the greatest common factor of 9265 and 12325.
85
Calculate the greatest common divisor of 45329 and 1.
1
What is the greatest common divisor of 536 and 1024?
8
Calculate the highest common factor of 1111 and 5632.
11
Calculate the highest common divisor of 391 and 11339.
391
Calculate the greatest common factor of 226 and 27120.
226
What is the greatest common factor of 7150 and 4862?
286
What is the highest common divisor of 7